What are the prime factors of 48202160?
2, 5, 461, 1307
What are the prime factors of 1546469662?
2, 1621, 477011
What are the prime factors of 266229635?
5, 7, 7606561
What are the prime factors of 1634599865?
5, 97, 3370309
List the prime factors of 675641840.
2, 5, 8445523
List the prime factors of 196986239.
397, 496187
List the prime factors of 2704793192.
2, 23, 61, 137, 1759
List the prime factors of 185857032.
2, 3, 7744043
List the prime factors of 50417082.
2, 3, 2800949
What are the prime factors of 81277880?
2, 5, 857, 2371
List the prime factors of 837622623.
3, 17, 16423973
List the prime factors of 307473719.
7, 41, 1071337
List the prime factors of 7668913.
7, 19, 23, 109
List the prime factors of 136331700.
2, 3, 5, 131, 3469
What are the prime factors of 85480615?
5, 11, 1554193
What are the prime factors of 166945837?
19, 29, 61, 4967
What are the prime factors of 321159798?
2, 3, 17842211
List the prime factors of 201192960.
2, 3, 5, 17, 23, 67
What are the prime factors of 40299671?
71, 567601
List the prime factors of 365113533.
3, 2467, 49333
List the prime factors of 2110992302.
2, 19, 23, 29, 37, 2251
List the prime factors of 32287251.
3, 19, 566443
What are the prime factors of 55171789?
55171789
What are the prime factors of 14144258?
2, 7072129
What are the prime factors of 637847042?
2, 7, 1777, 25639
List the prime factors of 219902401.
219902401
What are the prime factors of 983671982?
2, 491835991
List the prime factors of 106569983.
13, 29, 282679
What are the prime factors of 2210759137?
1123, 1753
What are the prime factors of 28752945?
3, 5, 13, 147451
List the prime factors of 12867573.
3, 31, 83, 1667
What are the prime factors of 2353198424?
2, 294149803
What are the prime factors of 218026947?
3, 72675649
List the prime factors of 1902782331.
3, 367, 757, 761
What are the prime factors of 746418364?
2, 186604591
What are the prime factors of 431375622?
2, 3, 6421, 11197
What are the prime factors of 576970136?
2, 109, 661663
List the prime factors of 109194969.
3, 13, 2799871
What are the prime factors of 7244996334?
2, 3, 3433, 351733
List the prime factors of 175174273.
17, 31, 332399
What are the prime factors of 2063815106?
2, 1031907553
List the prime factors of 82795875.
3, 5, 220789
List the prime factors of 2399315059.
22157, 108287
What are the prime factors of 1237731140?
2, 5, 61886557
List the prime factors of 200264895.
3, 5, 4450331
What are the prime factors of 3551555741?
23, 37, 503, 8297
What are the prime factors of 4865140620?
2, 3, 5, 31, 467, 1867
What are the prime factors of 75624042?
2, 3, 13, 103, 9413
What are the prime factors of 28995302?
2, 7, 17, 29, 4201
List the prime factors of 14407046.
2, 7203523
What are the prime factors of 471825465?
3, 5, 31455031
What are the prime factors of 15613009?
15613009
List the prime factors of 18004014.
2, 3, 7, 43, 3323
What are the prime factors of 950369773?
103, 1709, 5399
List the prime factors of 1643044026.
2, 3, 13, 124643
What are the prime factors of 574136176?
2, 35883511
What are the prime factors of 46711144?
2, 463, 12611
What are the prime factors of 2376102208?
2, 37126597
List the prime factors of 422689508.
2, 823, 128399
What are the prime factors of 5531391?
3, 43, 14293
List the prime factors of 24290478.
2, 3, 1349471
List the prime factors of 1401493264.
2, 87593329
What are the prime factors of 76280117?
19, 4014743
What are the prime factors of 329409766?
2, 7, 421, 55889
What are the prime factors of 2234143683?
3, 1867, 132961
List the prime factors of 10708000.
2, 5, 2677
List the prime factors of 136432177.
7, 131, 148781
What are the prime factors of 40921936?
2, 11, 41, 53, 107
What are the prime factors of 269189253?
3, 257, 116381
What are the prime factors of 498081921?
3, 83, 2000329
What are the prime factors of 18179411?
43, 619, 683
List the prime factors of 585710172.
2, 3, 16269727
List the prime factors of 6868848742.
2, 7, 17, 139, 397, 523
List the prime factors of 259361756.
2, 64840439
List the prime factors of 2380650124.
2, 103, 5778277
What are the prime factors of 48850219?
11, 4440929
What are the prime factors of 1074651349?
479, 2243531
What are the prime factors of 374327137?
73, 5127769
What are the prime factors of 200792448?
2, 3, 174299
List the prime factors of 1328746035.
3, 5, 37, 313, 7649
List the prime factors of 1901279466.
2, 3, 113, 283, 367
List the prime factors of 1890010183.
1890010183
List the prime factors of 27737013.
3, 17, 37, 14699
List the prime factors of 1474104949.
19, 77584471
What are the prime factors of 23391496?
2, 733, 3989
List the prime factors of 168625338.
2, 3, 7, 4014889
List the prime factors of 259574341.
13, 887, 22511
List the prime factors of 1116359107.
149, 7492343
What are the prime factors of 836331892?
2, 11, 19, 1000397
List the prime factors of 1566418585.
5, 47, 6665611
What are the prime factors of 1503984423?
3, 2819, 177839
What are the prime factors of 1382345599?
17, 1459, 55733
What are the prime factors of 44140330?
2, 5, 13, 17, 19973
List the prime factors of 142587880.
2, 5, 71, 50207
What are the prime factors of 346706971?
13, 211, 126397
What are the prime factors of 101187294?
2, 3, 13, 1297273
What are the prime factors of 157085174?
2, 78542587
What are the prime factors of 54177616?
2, 1039, 3259
What are the prime factors of 302025007?
19, 15896053
What are the prime factors of 56911121?
17, 3347713
List the prime factors of 35407227.
3, 11802409
What are the prime factors of 55083238?
2, 7, 29, 211, 643
What are the prime factors of 54460987?
7, 23, 338267
What are the prime factors of 497879101?
10861, 45841
What are the prime factors of 208776764?
2, 7, 263, 28351
What are the prime factors of 1170596947?
13, 90045919
What are the prime factors of 3290612185?
5, 7, 19, 23, 215143
List the prime factors of 52997379.
3, 41, 430873
What are the prime factors of 103006335?
3, 5, 31, 37, 5987
List the prime factors of 236043400.
2, 5, 47, 25111
List the prime factors of 619313039.
109, 181, 31391
List the prime factors of 241653684.
2, 3, 2221, 9067
List the prime factors of 20094350.
2, 5, 401887
What are the prime factors of 2822491159?
97, 29097847
What are the prime factors of 61623620?
2, 5, 3081181
What are the prime factors of 34862183?
34862183
List the prime factors of 212073732.
2, 3, 13, 263, 1723
What are the prime factors of 46308516?
2, 3, 41, 61, 1543
What are the prime factors of 2629426441?
79, 33283879
List the prime factors of 8615557.
643, 13399
What are the prime factors of 485113574?
2, 11, 22050617
List the prime factors of 3791532725.
5, 151661309
List the prime factors of 53423598.
2, 3, 181, 49193
What are the prime factors of 2042998542?
2, 3, 13, 43, 277, 733
List the prime factors of 13551485.
5, 23, 117839
List the prime factors of 1441101484.
2, 43, 71, 199, 593
What are the prime factors of 234836468?
2, 89, 659653
List the prime factors of 5895898775.
5, 13, 17, 23, 43, 83
What are the prime factors of 2676504469?
2676504469
List the prime factors of 148254786.
2, 3, 29, 67, 157
List the prime factors of 178262699.
179, 995881
What are the prime factors of 819002839?
41, 101, 197779
What are the prime factors of 715184329?
139, 5145211
What are the prime factors of 27697422?
2, 3, 4616237
What are the prime factors of 106806856?
2, 13, 1026989
What are the prime factors of 3727854581?
11, 6269, 54059
List the prime factors of 98814379.
98814379
What are the prime factors of 690535673?
1301, 530773
List the prime factors of 129256948.
2, 3137, 10301
List the prime factors of 102287944.
2, 11, 19, 131, 467
What are the prime factors of 490520641?
13, 2902489
List the prime factors of 29920616.
2, 11, 340007
List the prime factors of 2119240098.
2, 3, 13081729
What are the prime factors of 2250939?
3, 750313
What are the prime factors of 2814956343?
3, 19, 43, 20149
List the prime factors of 456220544.
2, 13, 274171
What are the prime factors of 231642931?
13, 47, 79, 4799
What are the prime factors of 2946337765?
5, 7, 71, 631, 1879
List the prime factors of 36069225.
3, 5, 593, 811
What are the prime factors of 252914864?
2, 31, 509909
What are the prime factors of 99029487?
3, 330